{"id":102,"date":"2019-05-25T12:47:17","date_gmt":"2019-05-25T10:47:17","guid":{"rendered":"http:\/\/localhost\/wp_hst\/wordpress\/?page_id=102"},"modified":"2020-01-25T12:51:30","modified_gmt":"2020-01-25T11:51:30","slug":"wie-alles-begann","status":"publish","type":"page","link":"https:\/\/heimstatt-tschernobyl.org\/?page_id=102","title":{"rendered":"Wie alles begann&#8230;"},"content":{"rendered":"\n<p>Der von Dietrich und Irmgard von Bodelschwingh 1991 gegr\u00fcndete, gemeinn\u00fctzige Verein Heim-statt Tschernobyl e.V. ist ein Netzwerk engagierter B\u00fcrgerinnen und B\u00fcrger unterschiedlichster Berufsgruppen vor dem Hintergrund der Tschernobyl-Katastrophe.<br> <br>Die erste zuf\u00e4llige Begegnung von Dietrich und Irmgard von Bodelschwingh  mit Tschernobyl-Strahlenopfern in einem Krankenhaus in Belarus 1990  l\u00f6ste Best\u00fcrzung aus.<br><br><em>\u201eWir standen vor den Betten verstrahlter Kinder und ahnten das  Ausma\u00df ihrer Erkrankung. Wir wussten, dass es in Deutschland viele  Initiativen gibt, die Kinder zu Erholungsaufenthalten nach Deutschland  holen. Wir kannten aber auch die Probleme dieser Kinder, wenn sie zur\u00fcck  in die verstrahlte Heimat fuhren. So suchten wir nach M\u00f6glichkeiten,  den Menschen im eigenen Land zu helfen, auf gesunder Erde ein neues  Zuhause aufzubauen\u201c.<\/em><br><br> Wir entschieden uns f\u00fcr ein Umsiedlungs-Programm durch  Holz-Lehm-H\u00e4userbau in Selbsthilfe, an dem sich viele Menschen &#8211; auch  ohne besondere Vorkenntnisse &#8211; beteiligen k\u00f6nnen. Seit 1991 fahren  j\u00e4hrlich in den Sommermonaten Gruppen freiwilliger Helfer\/innen f\u00fcr 3  Wochen nach Belarus und errichten im nichtverstrahlten Norden gemeinsam  mit betroffenen Familien, im Rahmen von <strong><a href=\"http:\/\/heimstatt-tschernobyl.org\/?page_id=158\">Workcamps<\/a><\/strong>, jeweils ein neues Haus.<br> Inzwischen sind insgesamt 57 Wohnh\u00e4user in Drushnaja und Stari-Lepel  entstanden. Dazu wurde in Drushnaja eine Ambulanz und ein  Gemeinschaftshaus mit B\u00fcro von \u00d6koDomStroj erbaut. Und in Lepel wurde  auch eine Ambulanz, sowie ein Haus der Begegnung und eine  Behindertenwerkstatt errichtet. Zudem wurde in Minsk ein B\u00fcro f\u00fcr die  Partnerorganisation errichtet.<br> Das gemeinsame Bauen mit bisher \u00fcber 1500 Freiwilligen aus Belarus und  Deutschland stiftete Freundschaften und erm\u00f6glichte immer neue  vers\u00f6hnende Begegnungen.<br><br><br><a href=\"http:\/\/heimstatt-tschernobyl.org\/\"><\/a><a href=\"https:\/\/heimstatt-tschernobyl.org\/\"><img loading=\"lazy\" decoding=\"async\" width=\"150\" height=\"35\" class=\"wp-image-965\" style=\"width: 150px;\" src=\"http:\/\/heimstatt-tschernobyl.org\/wp-content\/uploads\/2019\/08\/button_zur-startseite.png\" alt=\"\"><\/a><\/p>\n","protected":false},"excerpt":{"rendered":"<p>Der von Dietrich und Irmgard von Bodelschwingh 1991 gegr\u00fcndete, gemeinn\u00fctzige Verein Heim-statt Tschernobyl e.V. ist ein Netzwerk engagierter B\u00fcrgerinnen und B\u00fcrger unterschiedlichster Berufsgruppen vor dem Hintergrund der Tschernobyl-Katastrophe. Die erste zuf\u00e4llige Begegnung von Dietrich und Irmgard von Bodelschwingh mit Tschernobyl-Strahlenopfern in einem Krankenhaus in Belarus 1990 l\u00f6ste Best\u00fcrzung aus. \u201eWir standen vor den Betten verstrahlter &#8230; <span class=\"more\"><a class=\"more-link\" href=\"https:\/\/heimstatt-tschernobyl.org\/?page_id=102\">[Read more&#8230;]<\/a><\/span><\/p>\n","protected":false},"author":1,"featured_media":0,"parent":0,"menu_order":0,"comment_status":"closed","ping_status":"closed","template":"","meta":{"iawp_total_views":214,"_mc_calendar":[],"footnotes":""},"class_list":["entry","page","publish","author-ewald","post-102"],"_links":{"self":[{"href":"https:\/\/heimstatt-tschernobyl.org\/index.php?rest_route=\/wp\/v2\/pages\/102","targetHints":{"allow":["GET"]}}],"collection":[{"href":"https:\/\/heimstatt-tschernobyl.org\/index.php?rest_route=\/wp\/v2\/pages"}],"about":[{"href":"https:\/\/heimstatt-tschernobyl.org\/index.php?rest_route=\/wp\/v2\/types\/page"}],"author":[{"embeddable":true,"href":"https:\/\/heimstatt-tschernobyl.org\/index.php?rest_route=\/wp\/v2\/users\/1"}],"replies":[{"embeddable":true,"href":"https:\/\/heimstatt-tschernobyl.org\/index.php?rest_route=%2Fwp%2Fv2%2Fcomments&post=102"}],"version-history":[{"count":8,"href":"https:\/\/heimstatt-tschernobyl.org\/index.php?rest_route=\/wp\/v2\/pages\/102\/revisions"}],"predecessor-version":[{"id":1496,"href":"https:\/\/heimstatt-tschernobyl.org\/index.php?rest_route=\/wp\/v2\/pages\/102\/revisions\/1496"}],"wp:attachment":[{"href":"https:\/\/heimstatt-tschernobyl.org\/index.php?rest_route=%2Fwp%2Fv2%2Fmedia&parent=102"}],"curies":[{"name":"wp","href":"https:\/\/api.w.org\/{rel}","templated":true}]}}