{"id":259,"date":"2019-05-30T10:30:00","date_gmt":"2019-05-30T08:30:00","guid":{"rendered":"http:\/\/localhost\/wp_hst\/wordpress\/?page_id=259"},"modified":"2024-04-20T13:56:26","modified_gmt":"2024-04-20T11:56:26","slug":"ambulanzzentrum-1","status":"publish","type":"page","link":"https:\/\/heimstatt-tschernobyl.org\/?page_id=259","title":{"rendered":"Ambulanzzentrum Sanarotsch"},"content":{"rendered":"\n<h4 class=\"wp-block-heading\">Schwerpunktprojekt Ambulanzzentrum<\/h4>\n\n\n\n<h4 class=\"wp-block-heading\">Bau eines \u00f6kologisch ausgerichteten Modellhauses als Ambulatorium f\u00fcr die ortsnahe medizinische Versorgung<\/h4>\n\n\n\n<p> Nach der Errichtung der beiden Windkraftwerke und der  Schilfplatten-Produktion  wurde im Oktober 2006 ein neues Projekt  eingeweiht:<br><strong>Ein Ambulanzzentrum.<\/strong><br> <br>Dabei bleibt es unser Prinzip, dass wir neben den pers\u00f6nlichen Hilfen  f\u00fcr Menschen aus den verstrahlten Gebieten auch \u201eLeuchtturm\u201c-Modelle  schaffen als Zeichen gegen Tschernobyl.<br> <br>Mit diesem Bauvorhaben m\u00f6chten wir zwei Aufgaben verfolgen:<br> <br><strong>a)<\/strong> Nach dem Bau von \u00fcber 50 Lehm-Wohnh\u00e4usern sollte ein \u00f6kologisches  Modellhaus anderer Bautechnik entstehen: Eine Konstruktion in  Holztafelbauweise mit besonderer Schilfplattenisolierung erf\u00fcllt  Niedrig-Energie-Standards. Gleichzeitig sollen Sonnenkollektoren,  Fotovoltaik und eine Holzhackschnitzel-Heizung die Strom- und  W\u00e4rmeversorgung auch f\u00fcr Nachbargeb\u00e4ude wie Schule, Kindergarten und  Dorfsovjet mit abdecken.<br><strong>b)<\/strong> Im Haus entstand eine kleine, aber gut ausgestattete Ambulanz, um die  Bev\u00f6lkerung &#8211; gerade auch die Kinder &#8211; vor Ort umfassend medizinisch zu  versorgen. In enger Verbindung mit dem 30 Kilometer entfernten  Bezirkskrankenhaus werden ambulante Behandlungen und soziale Betreuung  im Wohnbereich angeboten. Dieses Modell, das auch auf andere l\u00e4ndliche  Regionen in Belarus \u00fcbertragen werden kann, f\u00fchrt zu einer Verbesserung  der Lebensqualit\u00e4t unserer Umsiedler mit den vielen kleinen Kindern und  der Bev\u00f6lkerung der umliegenden D\u00f6rfer.<br> <br>Eine Planungsgruppe &#8211; mit dem Arzt Dr. Lutz Br\u00fcgmann, dem Architekten  Till Redenz, dem Zimmermeister Hubert Heinrichs und dem belarussichen  Bauleiter von \u00d6koDom Pjotr Greibowski &#8211; erstellte das Konzept und  stimmte es \u00fcber unseren \u00d6koDom-Gesch\u00e4ftsf\u00fchrer Juri Suprinowitsch mit  den zust\u00e4ndigen Institutionen in Belarus ab. Die Landesregierung in  Minsk gew\u00e4hrte einen Zuschuss zu der Heizungsinstallation zu gew\u00e4hren  und der Wasser- bzw. Abwasserversorgung. <br>Die festliche Einweihung und \u00dcbergabe an den Kreis Mjadel fand am 24. Oktober 2006 in Sanarotsch statt. <br>Im Jahr 2010 wurde das Ambulanzzentrum vom belarussischen Gesundheitsministerium mit einem <strong>&#8222;1. Preis f\u00fcr besonders gute, medizinische Versorgung&#8220;<\/strong> ausgezeichnet.<\/p>\n\n\n\n\n<div class=\"gdgallery-gallery-container\" id=\"gdgallery-container-17\" data-id=\"17\">\n    \n<div id=\"gdgallery_container_17\" style=\"display:none;\" data-view=\"grid\">\n            <a href=\"\">\n            <img decoding=\"async\" alt=\"Schl\u00fcssel\u00fcebergabe\"\n                 data-type=\"image\"\n                 src=\"https:\/\/heimstatt-tschernobyl.org\/wp-content\/uploads\/2020\/04\/az3_Schluessel\u00fcebergabe.jpg\"\n                 data-image=\"https:\/\/heimstatt-tschernobyl.org\/wp-content\/uploads\/2020\/04\/az3_Schluessel\u00fcebergabe.jpg\"\n                 data-description=\"\"\n                                 style=\"display:block\">\n        <\/a>\n            <a href=\"\">\n            <img decoding=\"async\" alt=\"Ambulanzzentrum Sanarotsch\"\n                 data-type=\"image\"\n                 src=\"https:\/\/heimstatt-tschernobyl.org\/wp-content\/uploads\/2020\/04\/az2_Ambulanzzentrum-Sanarotsch.jpg\"\n                 data-image=\"https:\/\/heimstatt-tschernobyl.org\/wp-content\/uploads\/2020\/04\/az2_Ambulanzzentrum-Sanarotsch.jpg\"\n                 data-description=\"\"\n                                 style=\"display:block\">\n        <\/a>\n            <a href=\"\">\n            <img decoding=\"async\" alt=\"Ambulanzzentrum Sanarotsch\"\n                 data-type=\"image\"\n                 src=\"https:\/\/heimstatt-tschernobyl.org\/wp-content\/uploads\/2020\/04\/az1_Ambulanzzentrum-Snarotsch.jpg\"\n                 data-image=\"https:\/\/heimstatt-tschernobyl.org\/wp-content\/uploads\/2020\/04\/az1_Ambulanzzentrum-Snarotsch.jpg\"\n                 data-description=\"\"\n                                 style=\"display:block\">\n        <\/a>\n    <\/div>\n\n<script type=\"text\/javascript\">\n    (function() {\n        var runMyCode = function() {\n            jQuery(document).ready(function () {\n                var container = jQuery(\"#gdgallery_container_17\");\n                container.unitegallery({\"gallery_theme\":\"tilesgrid\",\"tile_width\":200,\"tile_height\":200,\"grid_space_between_cols\":20,\"grid_space_between_rows\":20,\"gallery_width\":\"100%\",\"gallery_background_color\":\"#FFFFFF\",\"theme_navigation_type\":\"bullets\",\"theme_bullets_margin_top\":50,\"theme_bullets_color\":\"gray\",\"bullets_space_between\":15,\"theme_arrows_margin_top\":50,\"theme_space_between_arrows\":20,\"theme_navigation_align\":\"center\",\"theme_navigation_offset_hor\":0,\"grid_num_rows\":3,\"tile_enable_textpanel\":true,\"tile_textpanel_title_text_align\":\"left\",\"tile_textpanel_title_font_size\":\"16\",\"tile_textpanel_title_color\":\"#FFFFFF\",\"tile_textpanel_bg_color\":\"#333333\",\"tile_textpanel_bg_opacity\":0.7,\"tile_enable_border\":true,\"tile_border_width\":\"1\",\"tile_border_color\":\"#333333\",\"tile_border_radius\":\"3\",\"tile_enable_overlay\":true,\"tile_enable_image_effect\":true,\"tile_image_effect_type\":\"blur\",\"tile_image_effect_reverse\":true,\"tile_enable_shadow\":true,\"tile_as_link\":false,\"tile_enable_icons\":true,\"tile_show_link_icon\":true,\"tile_textpanel_appear_type\":\"slide\",\"tile_textpanel_position\":\"bottom\",\"tile_link_newpage\":true,\"lightbox_type\":\"wide\",\"lightbox_arrows_offset\":0,\"lightbox_overlay_color\":\"#000000\",\"lightbox_overlay_opacity\":1,\"lightbox_top_panel_opacity\":1,\"lightbox_show_numbers\":true,\"lightbox_numbers_size\":\"15\",\"lightbox_numbers_color\":\"#FFFFFF\",\"lightbox_slider_image_border_width\":\"0\",\"lightbox_slider_image_border_color\":\"#FFFFFF\",\"lightbox_slider_image_border_radius\":0,\"lightbox_slider_image_shadow\":true,\"lightbox_slider_control_swipe\":true,\"lightbox_slider_control_zoom\":true,\"lightbox_slider_image_border\":true,\"lightbox_show_textpanel\":true,\"lightbox_textpanel_enable_title\":true,\"lightbox_textpanel_enable_description\":false,\"lightbox_textpanel_padding_top\":5,\"lightbox_textpanel_padding_bottom\":5,\"lightbox_textpanel_padding_right\":5,\"lightbox_textpanel_padding_left\":5,\"lightbox_textpanel_title_color\":\"#FFFFFF\",\"lightbox_textpanel_title_text_align\":\"center\",\"lightbox_textpanel_title_font_size\":\"16\",\"lightbox_textpanel_desc_color\":\"#FFFFFF\",\"lightbox_textpanel_desc_text_align\":\"center\",\"lightbox_textpanel_desc_font_size\":\"14\"});\n            });\n        };\n        var timer = function() {\n            if (window.jQuery) {runMyCode(window.jQuery);}\n            else {window.setTimeout(timer, 100);}\n        };\n        timer();\n    })();\n<\/script>\n<style>.ug-lightbox .ug-lightbox-top-panel-overlay{\n    background-color: #000000 !important;\n}\n#gdgallery_container_17{}<\/style>\n<\/div>\n\n\n\n\n\n\n\n\n\n<p><\/p>\n\n\n\n<p><a href=\"https:\/\/heimstatt-tschernobyl.org\/?page_id=162\"><img decoding=\"async\" class=\"wp-image-6356\" style=\"width: 200px;\" src=\"https:\/\/heimstatt-tschernobyl.org\/wp-content\/uploads\/2024\/04\/zur-projektuebersicht.png\" alt=\"\"><\/a><\/p>\n","protected":false},"excerpt":{"rendered":"<p>Schwerpunktprojekt Ambulanzzentrum Bau eines \u00f6kologisch ausgerichteten Modellhauses als Ambulatorium f\u00fcr die ortsnahe medizinische Versorgung Nach der Errichtung der beiden Windkraftwerke und der Schilfplatten-Produktion wurde im Oktober 2006 ein neues Projekt eingeweiht:Ein Ambulanzzentrum. Dabei bleibt es unser Prinzip, dass wir neben den pers\u00f6nlichen Hilfen f\u00fcr Menschen aus den verstrahlten Gebieten auch \u201eLeuchtturm\u201c-Modelle schaffen als Zeichen gegen &#8230; <span class=\"more\"><a class=\"more-link\" href=\"https:\/\/heimstatt-tschernobyl.org\/?page_id=259\">[Read more&#8230;]<\/a><\/span><\/p>\n","protected":false},"author":1,"featured_media":0,"parent":0,"menu_order":0,"comment_status":"closed","ping_status":"closed","template":"","meta":{"iawp_total_views":10,"_mc_calendar":[],"footnotes":""},"class_list":["entry","page","publish","author-ewald","post-259"],"_links":{"self":[{"href":"https:\/\/heimstatt-tschernobyl.org\/index.php?rest_route=\/wp\/v2\/pages\/259","targetHints":{"allow":["GET"]}}],"collection":[{"href":"https:\/\/heimstatt-tschernobyl.org\/index.php?rest_route=\/wp\/v2\/pages"}],"about":[{"href":"https:\/\/heimstatt-tschernobyl.org\/index.php?rest_route=\/wp\/v2\/types\/page"}],"author":[{"embeddable":true,"href":"https:\/\/heimstatt-tschernobyl.org\/index.php?rest_route=\/wp\/v2\/users\/1"}],"replies":[{"embeddable":true,"href":"https:\/\/heimstatt-tschernobyl.org\/index.php?rest_route=%2Fwp%2Fv2%2Fcomments&post=259"}],"version-history":[{"count":6,"href":"https:\/\/heimstatt-tschernobyl.org\/index.php?rest_route=\/wp\/v2\/pages\/259\/revisions"}],"predecessor-version":[{"id":6381,"href":"https:\/\/heimstatt-tschernobyl.org\/index.php?rest_route=\/wp\/v2\/pages\/259\/revisions\/6381"}],"wp:attachment":[{"href":"https:\/\/heimstatt-tschernobyl.org\/index.php?rest_route=%2Fwp%2Fv2%2Fmedia&parent=259"}],"curies":[{"name":"wp","href":"https:\/\/api.w.org\/{rel}","templated":true}]}}